e 3.
21200
Convert 10110010110 (base 2) to base 4.
112112
What is -226c (base 13) in base 4?
-1023112
-326 (base 8) to base 11
-185
What is -110101011011 (base 2) in base 3?
-11200122
-153ad (base 14) to base 2
-1100111010001101
What is 620 (base 13) in base 8?
2020
4055 (base 11) to base 5
133014
What is -43c1 (base 13) in base 14?
-3632
What is -773 (base 11) in base 13?
-564
What is 30424 (base 7) in base 9?
11151
What is 51cc (base 15) in base 11?
11aa0
Convert -85 (base 15) to base 16.
-7d
81075 (base 9) to base 3
2201002112
Convert -3984 (base 11) to base 3.
-21002122
-f7e (base 16) to base 15
-1296
362412 (base 7) to base 14
19d42
Convert 304 (base 7) to base 16.
97
Convert -1110012221 (base 3) to base 6.
-340211
-22520 (base 6) to base 15
-e46
Convert -6604 (base 11) to base 3.
-102221211
Convert 2115 (base 10) to base 3.
2220100
What is 1111111111 (base 2) in base 11?
850
Convert -2450 (base 8) to base 10.
-1320
15206 (base 7) to base 5
113340
-12055 (base 6) to base 7
-5066
Convert -210233 (base 5) to base 10.
-6943
What is -34 (base 11) in base 14?
-29
What is -40a8 (base 11) in base 13?
-2628
Convert -4536 (base 9) to base 5.
-101404
Convert -a187 (base 12) to base 5.
-1030102
Convert 7765 (base 8) to base 6.
30525
Convert -1245 (base 6) to base 14.
-189
Convert -4680 (base 11) to base 3.
-22102100
What is -624 (base 7) in base 2?
-100111000
Convert -142 (base 7) to base 6.
-211
Convert -10511 (base 7) to base 12.
-1652
Convert 2431 (base 7) to base 5.
12104
23548 (base 9) to base 4
3312032
-2d47 (base 15) to base 8
-23016
-454 (base 13) to base 9
-1017
What is 21104 (base 5) in base 11?
1067
12dc (base 15) to base 8
7700
3c4 (base 13) to base 12
477
Convert 124 (base 12) to base 9.
211
What is 2220002 (base 3) in base 7?
6101
What is -7ac8 (base 15) in base 14?
-96d9
What is -31324 (base 6) in base 13?
-1c03
What is -1768 (base 15) in base 3?
-20220222
Convert -55 (base 6) to base 2.
-100011
What is -1221011 (base 3) in base 11?
-1070
1204420 (base 6) to base 15
13b03
What is -33010 (base 5) in base 12?
-137b
-1100 (base 6) to base 12
-190
102111 (base 3) to base 4
10312
323 (base 9) to base 15
129
8287 (base 10) to base 3
102100221
Convert -628 (base 11) to base 5.
-11011
215023 (base 8) to base 5
4302321
66 (base 10) to base 13
51
What is -1000101111 (base 2) in base 15?
-274
4187 (base 12) to base 16
1bf7
What is -44362 (base 7) in base 14?
-40d9
Convert -1899 (base 15) to base 9.
-7260
-101111110010101 (base 2) to base 14
-8cbb
What is -195 (base 10) in base 15?
-d0
33030 (base 4) to base 13
59a
-df71 (base 16) to base 4
-31331301
Convert -24b (base 14) to base 16.
-1cb
What is 577 (base 12) in base 11?
678
101011002 (base 3) to base 4
1303220
-463d (base 15) to base 5
-434113
Convert -202121222 (base 3) to base 13.
-6aca
223111 (base 4) to base 11
20a1
-11000101011 (base 2) to base 14
-80b
23232 (base 5) to base 14
88c
Convert 7980 (base 12) to base 8.
32260
What is 587 (base 9) in base 6?
2124
33112 (base 4) to base 16
3d6
Convert -8772 (base 14) to base 5.
-1222144
Convert 12001210 (base 3) to base 7.
13524
Convert 42022 (base 5) to base 4.
223022
What is 20022122 (base 3) in base 5?
121412
Convert 133231 (base 7) to base 15.
76c4
Convert -10011202 (base 3) to base 8.
-4413
2a35 (base 13) to base 14
233a
What is 355 (base 11) in base 4?
12213
Convert -101212011 (base 3) to base 10.
-7915
-8679 (base 10) to base 5
-234204
6455 (base 7) to base 4
203312
Convert -1222221 (base 3) to base 12.
-a14
-39c1 (base 13) to base 2
-10000001001101
What is -511453 (base 6) in base 2?
-1001111001111001
What is -b28 (base 12) in base 6?
-11252
Convert 1120210 (base 5) to base 4.
10321113
Convert -10001220 (base 3) to base 14.
-b5c
-3702 (base 16) to base 12
-8196
What is 220222000 (base 3) in base 14?
68bc
89b9 (base 13) to base 15
5a84
24022 (base 12) to base 3
2110101222
What is -103330 (base 4) in base 8?
-2374
Convert 2112 (base 7) to base 2.
1011101000
Convert 2152 (base 7) to base 2.
1100000100
Convert 12404 (base 5) to base 4.
33103
21211 (base 4) to base 10
613
Convert -5421 (base 9) to base 5.
-111423
b32 (base 13) to base 8
3554
Convert -2402 (base 5) to base 14.
-1b2
What is -4530 (base 6) in base 5?
-13222
Convert -13d4 (base 15) to base 5.
-113444
What is 43a2 (base 14) in base 13?
5436
-69125 (base 10) to base 6
-1252005
Convert -75588 (base 9) to base 8.
-141611
10001011011 (base 2) to base 8
2133
Convert -5 (base 13) to base 7.
-5
13000313 (base 4) to base 2
111000000110111
3113111 (base 5) to base 8
143527
Convert -ad (base 16) to base 5.
-1143
What is -393 (base 13) in base 2?
-1001110011
What is 1ab (base 12) in base 15?
135
What is -171 (base 8) in base 7?
-232
Convert 41301 (base 6) to base 13.
267a
Convert -3451 (base 7) to base 8.
-2355
Convert ab4 (base 13) to base 15.
827
10101110 (base 2) to base 10
174
4da (base 14) to base 5
12401
2b97 (base 12) to base 10
5155
What is -690b (base 12) in base 7?
-46016
110021221 (base 3) to base 9
13257
1000110111 (base 2) to base 5
4232
What is -21210022 (base 3) in base 5?
-140203
-4637 (base 10) to base 9
-6322
Convert 230223 (base 5) to base 6.
101524
Convert 31200 (base 4) to base 15.
3c9
-2020 (base 3) to base 15
-40
-438 (base 14) to base 7
-2301
What is 22100 (base 8) in base 13?
42bb
What is -2298 (base 12) in base 16?
-f14
Convert -2637 (base 11) to base 2.
-110101100100
1104112 (base 5) to base 6
225134
What is -4962 (base 16) in base 6?
-222550
-4350 (base 13) to base 6
-111200
Convert -71 (base 10) to base 16.
-47
Convert 1d11 (base 15) to base 10.
6316
19062 (base 10) to base 2
100101001110110
What is 2806 (base 14) in base 9?
10616
What is -12114 (base 9) in base 4?
-1332301
122001 (base 3) to base 2
111001100
Convert -111111000000000 (base 2) to base 8.
-77000
Convert -1100220211 (base 3) to base 13.
-c334
Convert 110010100011001 (base 2) to base 8.
62431
-9be9 (base 15) to base 13
-1208a
-21a7 (base 14) to base 5
-141311
5443 (base 7) to base 11
1506
What is -23441 (base 6) in base 11?
-261a
-246e (base 15) to base 2
-1111001001010
What is -11011021 (base 3) in base 6?
-22011
Convert 5563 (base 15) to base 5.
1034333
b (base 14) to base 2
1011
1ac (base 13) to base 9
375
3b32 (base 14) to base 10
10432
134a (base 13) to base 10
2766
Convert -7075 (base 10) to base 16.
-1ba3
Convert 1293d (base 14) to base 7.
250206
-161410 (base 7) to base 12
-16467
What is 29279 (base 11) in base 2?
1010001001110101
What is 363 (base 7) in base 8?
300
519 (base 15) to base 11
955
Convert 111320 (base 4) to base 5.
21100
112021 (base 3) to base 11
320
What is -c27a (base 13) in base 11?
-19157
Convert -1100010101010000 (base 2) to base 7.
-300160
Convert 1213331 (base 4) to base 13.
304a
What is -17799 (base 11) in base 8?
-60521
Convert 709 (base 16) to base 2.
11100001001
Convert -2200110 (base 3) to base 14.
-9da
Convert 4540 (base 9) to base 2.
110100011101
Convert 1510 (base 14) to base 15.
1193
11101101 (base 2) to base 15
10c
Convert -480 (base 13) to base 3.
-1001220
What is -2a43 (base 12) in base 8?
-11523
What is 4134 (base 6) in base 8?
1632
Convert -12551 (base 6) to base 7.
-5440
Convert 32245 (base 6) to base 9.
6052
-b87 (base 14) to base 3
-10010021
-344 (base 5) to base 11
-90
What is 216 (base 14) in base 4?
12130
-2740 (base 8) to base 4
-113200
Convert 1001111100 (base 2) to base 13.
39c
Convert -1652 (base 8) to base 2.
-1110101010
11 (base 14) to base 8
17
Convert 10122 (base 5) to base 7.
1634
-68907 (base 10) to base 13
-25497
What is 112123 (base 4) in base 16?
59b
-668 (base 15) to base 11
-10a7
-1010100000 (base 2) to base 5
-10142
Convert 11100 (base 4) to base 13.
1cb
Convert -3a0a (base 12) to base 6.
-50414
Convert -21525 (base 8) to base 5.
-242140
Convert 33144 (base 5) to base 13.
107b
What is -301604 (base 7) in base 12?
-25672
Convert -225345 (base 6) to base 11.
-13601
What is 135101 (base 6) in base 13?
5a82
-1111110 (base 2) to base 11
-105
What is -221320 (base 4) in base 5?
-41210
What is -1055 (base 14) in base 10?
-2819
What is -3020 (base 5) in base 3?
-112021
What is 315 (base 13) in base 8?
1015
What is 6b75 (base 12) in base 14?
4561
Convert -2c6 (base 16) to base 15.
-325
Convert 10000111011111 (base 2) to base 13.
3c40
65302